 - 40. Let c be k(-5). Suppose c = -3*z - 2*z - 55. Is (-4 - ((0 - -4) + z)) + 308 a prime number?
True
Let x = 203961 + 15760. Is x a composite number?
False
Let u be 5 - 2/14*7. Suppose 4*b - 4*k = 48828, -60990 = -8*b + 3*b - u*k. Is b a prime number?
False
Let b(g) = -g**3 - 12*g**2 - 21*g - 13. Let s be b(-10). Is (s - -2)/(3/(-8013)) prime?
True
Let t(c) = 3*c. Let x be ((-1)/(-3)*0)/(-2). Let m be t(x). Suppose -2*n + 8 - 4 = m, 5*n + 3195 = 5*i. Is i a prime number?
True
Let y = -95 + 100. Suppose -y*c + 6196 + 34099 = 0. Is c a prime number?
True
Let w = 47 + -17. Suppose 0*s = 5*k + 2*s - 144, w = k + s. Let n = 219 + k. Is n composite?
True
Suppose -6*o = -24131 - 7651. Is o prime?
True
Suppose -5*z - 4*k + 873620 = -115299, -2*z - 4*k = -395558. Is z a prime number?
False
Suppose -4 = t - 3*y, 0*t - 27 = -3*t - 4*y. Suppose 0 = t*d - 60 + 10. Is 1 + 0 + 6400/d prime?
True
Let f(y) = 2*y**3 - 14*y**2 + 18. Let i be f(6). Is (-1 + 30)/(i/(-162)) a composite number?
True
Let i(o) = -372032*o - 1625. Is i(-2) a composite number?
False
Let l(z) = -z**3 + 3*z**2 + 8*z + 8. Let s be l(-6). Let j be (-2 - (4 + -3)) + -3 + 111. Suppose s + j = u. Is u a prime number?
True
Suppose 0 = m + 28*m - 522. Suppose -m*i + 16*i = n - 597, 0 = 4*n - 2*i - 2338. Is n a composite number?
False
Let z(v) be the first derivative of -v**2/2 + 9*v + 1. Let c be z(6). Suppose -c*q = -2*l + l - 1120, -q = -4*l - 377. Is q prime?
True
Is -14 + 13/(143/340703) a composite number?
True
Suppose -1 = -4*o + 6*o + 5*p, 2*o - 3*p = 7. Suppose 3*b = 3, -o*a - 5*b - 296 = -2457. Is a/(-1 - -2) + 1 prime?
False
Let d be 2 - 18203/(-5 - -11 - 5). Let q = 31112 + d. Is q composite?
False
Let r(q) = -93353*q + 7385. Is r(-4) a prime number?
True
Let l(i) = 140*i + 1. Let q be l(2). Let u(o) = -191*o**2 - 2*o - 1. Let f be u(-1). Let v = f + q. Is v prime?
False
Suppose -10*h = -0*h + 100. Let b(m) = m**2 + 6*m - 21. Is b(h) composite?
False
Let l be 6/(-1)*(9/2)/(-3). Suppose l*f - 6*f = -1623. Let b = 804 - f. Is b prime?
False
Let m(u) = -u**3 + 4*u**2 - 6*u - 4. Let n be m(3). Let z(k) = -7*k**3 - 16*k**2 - 36*k - 4. Is z(n) composite?
True
Let w be 1664/36 + 2 - 8/36. Let g be ((-1516)/(-16))/(3/w). Suppose 6*u + g = 10*u. Is u composite?
False
Let o(f) be the third derivative of -161*f**6/10 - 7*f**5/60 - f**4/3 - f**3/3 + 2*f**2 - 19*f. Is o(-1) composite?
False
Is (-656)/984*((-1730466)/(-4))/(-3) composite?
False
Let s = 49539 - -184960. Is s composite?
False
Suppose 0 = -4*h + w - 244, 107 + 76 = -3*h + 3*w. Let g be h/(-9) + (-6)/(-27). Suppose -201 = -8*f + g*f. Is f a composite number?
True
Suppose 0 = -61*t + 42*t + 711379. Is t a composite number?
False
Let o = 59 - 55. Let a be (-2 + 3)*786/(-2 + o). Suppose -r + a + 360 = 0. Is r a prime number?
False
Suppose -7*o - 16073 = 17660. Let f = -2568 - o. Is f a prime number?
True
Let v(l) be the second derivative of 88*l**3 + 367*l**2/2 - 30*l - 1. Is v(25) composite?
False
Suppose -41*p = -48*p + 532. Suppose 68*k - p*k = -37832. Is k a composite number?
False
Suppose -3*a - o + 14 = -3, -5*o - 29 = -4*a. Let h(v) = v**3 - 6*v**2 + 12*v - 3. Let z be h(a). Let b = 152 + z. Is b prime?
False
Is (65424100/300)/(2/6) composite?
True
Let k = 29 - 27. Suppose 3*t + 4*x + 38 = 0, 4*x + 43 = -k*t + 11. Let y(l) = -333*l - 35. Is y(t) a prime number?
False
Let v be (-1 - 0)*(0 - 0)/(-4). Suppose -1187 = 3*z - 5*w, v*z - 3*w - 1933 = 5*z. Let b = 12 - z. Is b composite?
False
Is 27351528/421 - (-1 - ((0 - 0) + 0)) a composite number?
False
Let v = 1 - -68. Let w(l) = -l + 8 + 206 - l**2 - v + 189. Is w(0) a prime number?
False
Suppose -3*j + 0 = -33. Suppose 8082 = j*r - 2*r. Suppose 2654 = 4*s + r. Is s composite?
False
Let r = 20159 - 10768. Is r a prime number?
True
Suppose -445934 = -2*d - 3*g, 2*d - 3*g - 125028 = 320906. Is d composite?
False
Is 2728899/1209 - 2/13 a composite number?
True
Let u = 60584 + 114903. Is u composite?
True
Let u(m) = 13 + 12 - 10 + 15 + 7*m - 5*m**2. Let g(c) = -5*c**2 + 6*c + 31. Let b(x) = -3*g(x) + 2*u(x). Is b(-14) a prime number?
False
Is (-167961)/((-42)/(-56)*-4) composite?
False
Is (3 - 103/13) + 5 - (-31766706)/39 composite?
False
Let q = -388218 - -673595. Is q prime?
True
Let y(q) = 35 + 175*q - 92*q + 637*q**2 - 88*q. Is y(4) a composite number?
True
Let x(w) be the second derivative of 13*w**4/12 + 49*w**3/6 - w**2/2 + 76*w. Is x(-9) a composite number?
True
Let y be (-4 - 34/(-6))*3. Suppose 0 = 4*d + y*s + 25, s + 3*s + 20 = -5*d. Suppose m + 4*l - 417 = d, 0 = -7*m + 4*m + 5*l + 1217. Is m prime?
True
Is (17869360/(-200))/((-20)/50) prime?
True
Let g be -6*((-3)/9*16 + 4). Suppose g*x = 5726 + 43242. Is x a prime number?
True
Suppose -13*k + 8*k - 3*f = -285250, 0 = -3*k + 4*f + 171121. Is k a prime number?
True
Let z be ((-16)/6 + 2)/(6/(-18)). Suppose 0*l + 13542 = -z*l. Is l/(-7) - (0 + (-2)/(-7)) a composite number?
False
Let z(b) = 38*b**2 + 72*b + 197. Is z(37) a prime number?
False
Let o = 26875 + -3836. Is o composite?
False
Let i(r) = 21*r**2 - 85. Is i(-12) a prime number?
True
Let u = -6096 - -9134. Let k = 5497 - u. Is k a composite number?
False
Let h be 6/4*(-480)/(-90). Suppose 4*g = h*c - 3*c - 1977, -4*c + 5*g + 1578 = 0. Is c a composite number?
False
Let m be (1/3)/1 - 22/3. Let w be m - -6 - (-2 - -5). Let j(r) = -9*r**3 - 2*r + 3. Is j(w) a composite number?
False
Suppose 3*k - b + 6*b = 1577, 0 = -4*b + 16. Suppose -k*f + 522*f - 74427 = 0. Is f a prime number?
True
Suppose 2*p + 3*r - 224392 = 0, -38*p + 448760 = -34*p + 2*r. Is p composite?
True
Suppose 2*i + 3*a - 8 = -0*i, -4*a = 0. Suppose 3*l = 4*g, -4*l - i*g + 39 - 11 = 0. Is (419/l)/((-4)/(-16)) prime?
True
Let k(s) be the second derivative of s + 37/6*s**3 - 15*s**2 + 0. Is k(11) a composite number?
True
Suppose -5*x - 37032 = 5*w - 254902, 130712 = 3*w - 2*x. Suppose 121*b - 125*b + w = 0. Is b a composite number?
True
Let p(w) = 416*w**2 + 24*w + 2. Suppose -8*m = -37 - 3. Is p(m) a composite number?
True
Suppose 0 = 13*h - 5*h - 16. Let z(q) = 725*q**3 + 2*q**2 + 3*q - 1. Is z(h) prime?
True
Suppose 15 = -24*c + 111. Suppose -19 = -5*v - 4. Suppose -c*m + 4 = 0, 0*h - 3*m = v*h - 1134. Is h composite?
True
Let p(o) = -291*o**3 + 26*o**2 - o + 5. Let g(z) = -97*z**3 + 9*z**2 + 2. Let u(n) = -11*g(n) + 4*p(n). Let r be u(2). Let j = 1377 + r. Is j a prime number?
False
Suppose 2*b = -d + 14, b + 3 - 10 = -5*d. Let z(t) = 236*t - 13. Let h be z(b). Let u = h + -1086. Is u a composite number?
True
Let m = -13 + 78. Let x = m - 0. Let i = -31 + x. Is i a composite number?
True
Let l = 151931 - 102528. Is l composite?
True
Let k(j) = 36*j**2 + 15*j - 34. Suppose -893 = 3*s - 920. Is k(s) composite?
True
Let w(q) = 8*q - 6. Let v be w(1). Suppose -v*j + 24 = -4*j. Let g(d) = -d**3 - 10*d**2 + 7*d + 13. Is g(j) prime?
False
Suppose 4*v + 164 = 3*y + 6*v, 5*y + 2*v = 268. Suppose 4*h + 688 = 5*o, y = -4*h + 4*o - 640. Is h/(45/(-10) - -3) a prime number?
False
Let t(z) = 100*z - 59. Let a(f) = -149*f + 88. Let x(i) = 5*a(i) + 8*t(i). Is x(6) a composite number?
True
Let f(g) = 315*g + 170. Let m be f(14). Suppose b - 5449 + 875 = y, m = b - 3*y. Is b a composite number?
True
Let x(h) = 106*h**2 + 5291*h + 49. Is x(-50) prime?
True
Is (40/(-60))/(5843/11694 + (-9)/18) a composite number?
False
Let q be 3/7 + (-888)/14. Let t = q + 196. Let u = 78 + t. Is u prime?
True
Let o(h) = h**3 + 8*h**2 - 51*h + 1. Suppose 18*f = 15*f + 72. Is o(f) composite?
False
Let s(a) = 642*a - 240. Let p be s(12). Suppose 155*b - 147*b - p = 0. Is b composite?
True
Suppose b - 1 - 5 = -4*t, 4*t + 6 = 5*b. Suppose -3*p - t = 14. Is p/(-40) - 44558/(-16) prime?
False
Suppose -m = -1, -261 + 3421 = 5*a - 5*m. Is a composite?
True
Let i(b) = 3*b**3 - 4*b**2 - 9*b - 2. Let w be i(5). Let v = w - 1232. Is (v/(-12))/1*(2 + 1) prime?
True
Let r(x) = 8*x + 69. Let z be r(5). Let y = z - -685. Is y a prime number?
False
Let c(j) = 4013*j - 459. Is c(1) a composite number?
True
Let i(l) be the first derivative of -56*l**2 - 23*l + 2. Is i(-6) prime?
False
Let t(g) = -10*g**3 - 2*g**2 + g. Let y(n) = -n - 9. Let i = 5 + -11. Let p be y(i). Is t(p) a prime number?
False
Let g = 435 + -444. Let w(c) = -4*c**3 + 12*c**2 + 19.